267906771
In base 12, what is -2 - -4433570?
443356a
In base 7, what is -4436210 - 21?
-4436231
In base 11, what is -16aa6 + -a93a?
-26935
In base 15, what is -3571ed + 2?
-3571eb
In base 2, what is 10111011101010111 + 1110010100?
10111101011101011
In base 9, what is -33 - -1645440?
1645406
In base 4, what is -2112 - -12013312?
12011200
In base 5, what is -4 + 1110442202?
1110442143
In base 8, what is 206 + -152705?
-152477
In base 10, what is 20266 + -698?
19568
In base 3, what is 10101 + -1001122012200?
-1001122002022
In base 7, what is -16 - 115424102?
-115424121
In base 4, what is -10 - -131121113102?
131121113032
In base 4, what is 2 + -12030123010?
-12030123002
In base 11, what is -248434 - -191?
-248253
In base 9, what is 32463 + -360?
32103
In base 10, what is 29676459 - -12?
29676471
In base 4, what is -100320132222 - 13?
-100320132301
In base 9, what is 23271531 + -22?
23271508
In base 7, what is -2262 - -1200665?
1165403
In base 3, what is -11110021012100 + -2?
-11110021012102
In base 6, what is -344345405 + -10?
-344345415
In base 14, what is 2 - a5300c?
-a5300a
In base 7, what is -5 - -65536462?
65536454
In base 13, what is b35996 - 4?
b35992
In base 10, what is -10 - 563549?
-563559
In base 2, what is 1101000010101 + -10101000000100?
-111111101111
In base 4, what is 2210 - 1032311011?
-1032302201
In base 15, what is db3b + 79?
dbb5
In base 2, what is 100 + 11010011010101101010110110?
11010011010101101010111010
In base 7, what is -2036 - 1014420?
-1016456
In base 4, what is -2 - 30023132312?
-30023132320
In base 14, what is 7b5dda8 + -2?
7b5dda6
In base 2, what is -10010001101101111 - -10000101011?
-10001111101000100
In base 16, what is -2035989 + -2?
-203598b
In base 11, what is -133119178 + -4?
-133119181
In base 4, what is 21132 - 13001232?
-12320100
In base 15, what is 2 - -ceee780?
ceee782
In base 3, what is 0 - 100022200122012?
-100022200122012
In base 12, what is 1a37349a5 + 3?
1a37349a8
In base 16, what is -c4ce + 55f?
-bf6f
In base 2, what is 111000011001111 - 1000100111101?
101111110010010
In base 8, what is 13262 + -2114?
11146
In base 5, what is 40303414 - 420?
40302444
In base 5, what is 2304 - -13402203?
13410012
In base 7, what is 135630 + 41424?
210354
In base 13, what is 15c335 - 7?
15c32b
In base 6, what is 24245223 + -34?
24245145
In base 5, what is -2 - 320111013401?
-320111013403
In base 9, what is -22237 + -368?
-22616
In base 10, what is -119011 + -1612?
-120623
In base 12, what is 58b10829 - 1?
58b10828
In base 7, what is -1543425663 - 10?
-1543426003
In base 9, what is 1237 + -301014?
-288666
In base 14, what is -13ca1 + -28?
-13cc9
In base 12, what is 4 + 877538?
877540
In base 5, what is -23 + 10324224403?
10324224330
In base 3, what is 1011111 + -2000020010?
-1222001122
In base 3, what is 20 - -1102110112012?
1102110112102
In base 12, what is 11a40970 - -2?
11a40972
In base 14, what is 4 - bbdcbc?
-bbdcb8
In base 14, what is -2a62aa + -3?
-2a62ad
In base 15, what is -3e - -33a701?
33a6b2
In base 4, what is -1021033 + 100302003?
33220310
In base 2, what is -11 - -1100000100110110111001?
1100000100110110110110
In base 10, what is -107957 - -9025?
-98932
In base 2, what is -1001101010001010011000001 - 0?
-1001101010001010011000001
In base 9, what is 33780 - -1180?
35070
In base 2, what is -11101000101011000 - 110111011?
-11101001100010011
In base 15, what is -1b3 - 184b87?
-184d4a
In base 14, what is 10c3639 + -a?
10c362d
In base 6, what is 5 + -114032532?
-114032523
In base 8, what is -447 - -72026?
71357
In base 9, what is 743681283 + 1?
743681284
In base 8, what is -222 + 61525?
61303
In base 15, what is 1 - -17d9100?
17d9101
In base 2, what is 11 - 100101011100001001001011?
-100101011100001001001000
In base 9, what is 536584631 - 2?
536584628
In base 15, what is -171c33 - -1?
-171c32
In base 13, what is 66 - 169bb?
-16955
In base 15, what is 1eac0490 - 5?
1eac048a
In base 10, what is -14056 + -6238?
-20294
In base 5, what is 12331310444 - -34?
12331311033
In base 14, what is 1004978 + 4?
100497c
In base 16, what is c3f0 - ae5?
b90b
In base 14, what is 3c3d194 + -5?
3c3d18d
In base 6, what is -1411 - 1434?
-3245
In base 7, what is -141561556 - -2?
-141561554
In base 5, what is 10 - -433004212?
433004222
In base 5, what is 41310 - -2341?
44201
In base 6, what is 4 - 3200105?
-3200101
In base 15, what is -983e5 + -30c?
-98702
In base 2, what is -1100000111111000 - 101010?
-1100001000100010
In base 15, what is 58b + 2c66?
3302
In base 11, what is -220 - -138810?
1385a0
In base 7, what is 665 - -4621511?
4622506
In base 6, what is -14242 - -22240?
3554
In base 7, what is 2 + 235505401?
235505403
In base 6, what is 1045254 - 25201?
1020053
In base 16, what is -4 + -4f887e4?
-4f887e8
In base 4, what is 103112 - -122220231?
122330003
In base 7, what is -66443564 + 4?
-66443560
In base 12, what is 4 - -6a87564?
6a87568
In base 2, what is 101011011101010 + -100001100?
101010111011110
In base 5, what is -104 + -1422203?
-1422312
In base 16, what is 4a9 - -14409?
148b2
In base 11, what is 109a764 + -3?
109a761
In base 4, what is 202 + -3023123011?
-3023122203
In base 2, what is 111 + 111001100000011011111110?
111001100000011100000101
In base 7, what is -16502135 + -1?
-16502136
In base 12, what is a34044 + 4?
a34048
In base 13, what is 74ca + 125?
7622
In base 15, what is 9 - -10523?
1052c
In base 9, what is -34 - 3372623?
-3372657
In base 5, what is -21200213111 + 10?
-21200213101
In base 3, what is 22002202 - -2000?
22011202
In base 4, what is 1013303 + -11322?
1001321
In base 16, what is -561 + 11847?
112e6
In base 14, what is 6a0b - 99?
6952
In base 7, what is -6122 + -15?
-6140
In base 10, what is 1241 - 47548?
-46307
In base 11, what is -9846a - -23?
-98447
In base 10, what is -41439471 - -1?
-41439470
In base 15, what is -116186 + 1?
-116185
In base 14, what is 1dcb - -2626?
4613
In base 15, what is 652a02 - -2?
652a04
In base 16, what is 12c8 + 779?
1a41
In base 2, what is -11111101011 + -10011000111?
-110010110010
In base 9, what is 3508 + -34200?
-30581
In base 2, what is 10011100 - 1011111001011111?
-1011110111000011
In base 9, what is -18215 + 1652?
-16453
In base 12, what is 7249 - 426?
6a23
In base 15, what is -3 + e851236?
e851233
In base 13, what is 497525 + -17?
49750b
In base 9, what is 8525 - -23328?
32854
In base 7, what is 234546435 + -11?
234546424
In base 13, what is 101aa02 + -a?
101a9c5
In base 11, what is -16825 - -2462?
-14373
In base 15, what is 5571 - 242?
532e
In base 7, what is 42543123 + 11?
42543134
In base 16, what is 91d568 - -6?
91d56e
In base 11, what is -274 + 129497?
129223
In base 14, what is -d - c902a8?
-c902b7
In base 15, what is 64582b - 54?
6457c7
In base 11, what is -140a - 44391?
-457a0
In base 4, what is 1223010 + -221203?
1001201
In base 4, what is 1030331120030 - -121?
1030331120211
In base 16, what is -2 + 150f87?
150f85
In base 9, what is 303 + 254415?
254718
In base 6, what is -1425042025 + 0?
-1425042025
In base 4, what is 102301303 + 1120333?
110022302
In base 2, what is -100110011 - 10100111011001?
-10101100001100
In base 8, what is -522000 + 37?
-521741
In base 10, what is 6 - 12095300?
-12095294
In base 14, what is 3 + -95443?
-95440
In base 11, what is 1966 - -18954?
1a80a
In base 8, what is 324 - 63331?
-63005
In base 7, what is 2 + -461432421?
-461432416
In base 15, what is -115274c - -1?
-115274b
In base 15, what is 3 + -e1348?
-e1345
In base 5, what is 312310414 + -1043?
312304321
In base 10, what is 6802665 - 20?
6802645
In base 12, what is 19a4671 - -1?
19a4672
In base 5, what is -120002140 - 4?
-120002144
In base 6, what is -34300152 - -145?
-34300003
In base 6, what is 24322 - 4351?
15531
In base 12, what is -219a3 - 3247?
-2502a
In base 5, what is 1434211014 + -102?
1434210412
In base 11, what is -121329 + 52?
-121287
In base 9, what is -41304 + -565?
-41870
In base 2, what is -1010111000100010100 - -101100?
-1010111000011101000
In base 12, what is 827881 - 9?
827874
In base 9, what is -152856 - 12?
-152868
In base 11, what is 141 + 4881a?
48960
In base 16, what is -291cc85 - 2?
-291cc87
In base 2, what is 11010000010011011010100 - -100000?
11010000010011011110100
In base 16, what is 106191 - -109?
10629a
In base 11, what is -5909 + 220?
-569